{"id":153,"date":"2021-01-27T21:33:11","date_gmt":"2021-01-27T21:33:11","guid":{"rendered":"https:\/\/www.aktionsbuendnis-rahden.de\/?page_id=153"},"modified":"2021-07-15T08:45:42","modified_gmt":"2021-07-15T08:45:42","slug":"dokumente","status":"publish","type":"page","link":"https:\/\/www.aktionsbuendnis-rahden.de\/index.php\/dokumente\/","title":{"rendered":"Dokumente"},"content":{"rendered":"<p>Das Aktionsb\u00fcndnis hat acht Kritikpunkte in einer Mustereinwendung aufgef\u00fchrt. Wer mag, kann dieses als Vorlage nutzen und selber erg\u00e4nzen. Nur wer eine Einwendung einreicht, darf am weiteren Verfahren teilnehmen und zum Er\u00f6rterungstermin gehen. Mit einer Einwendung sind keine Kosten verbunden. W\u00e4hrend eine Kurzfassung in Form des Musterbriefes online gestellt wurde, ist die vollst\u00e4ndige umfassende Stellungnahme nur an die Bezirksregierung als Genehmigungsbeh\u00f6rde \u00fcbermittelt worden. In der Langfassung sind zum einen pers\u00f6nlichen Daten aufgef\u00fchrt worden und zum anderen will sich Aktionsb\u00fcndnis eine m\u00f6gliche Klage gegen eine eventuelle Genehmigung vorbehalten.<\/p>\n<p><a href=\"https:\/\/www.aktionsbuendnis-rahden.de\/wp-content\/uploads\/2021\/07\/Musterbrief_Einwendung_ABLR.docx\" target=\"_blank\" rel=\"noopener\">Download Mustereinwendung<\/a><\/p>\n<p><span dir=\"ltr\">Das Aktionsb\u00fcndnis \u201eLebenswertes Rahden e.V.\u201c <\/span><span dir=\"ltr\">aufgrund des <\/span><span dir=\"ltr\">Antrags der <\/span><span dir=\"ltr\">Firma Meier Guss <\/span><span dir=\"ltr\">auf Produktionserweiterung und Nachtarbeit <\/span><span dir=\"ltr\">folgende <\/span><span dir=\"ltr\">grunds\u00e4tzlichen <\/span><span dir=\"ltr\">Forde<\/span><span dir=\"ltr\">rung<\/span><span dir=\"ltr\">en <\/span><span dir=\"ltr\">an die Stadt Rahden und die politischen Vertreter im Rat der Stadt Rahden<\/span><\/p>\n<p><a href=\"https:\/\/www.aktionsbuendnis-rahden.de\/wp-content\/uploads\/2021\/05\/210520Forderungskatalog.pdf\" target=\"_blank\" rel=\"noopener\">Download Forderungskatalog<\/a><\/p>\n","protected":false},"excerpt":{"rendered":"<p>Das Aktionsb\u00fcndnis hat acht Kritikpunkte in einer Mustereinwendung aufgef\u00fchrt. Wer mag, kann dieses als Vorlage nutzen und selber erg\u00e4nzen. Nur&hellip;<\/p>\n","protected":false},"author":2,"featured_media":0,"parent":0,"menu_order":0,"comment_status":"closed","ping_status":"closed","template":"","meta":{"footnotes":""},"class_list":["post-153","page","type-page","status-publish","hentry"],"_links":{"self":[{"href":"https:\/\/www.aktionsbuendnis-rahden.de\/index.php\/wp-json\/wp\/v2\/pages\/153","targetHints":{"allow":["GET"]}}],"collection":[{"href":"https:\/\/www.aktionsbuendnis-rahden.de\/index.php\/wp-json\/wp\/v2\/pages"}],"about":[{"href":"https:\/\/www.aktionsbuendnis-rahden.de\/index.php\/wp-json\/wp\/v2\/types\/page"}],"author":[{"embeddable":true,"href":"https:\/\/www.aktionsbuendnis-rahden.de\/index.php\/wp-json\/wp\/v2\/users\/2"}],"replies":[{"embeddable":true,"href":"https:\/\/www.aktionsbuendnis-rahden.de\/index.php\/wp-json\/wp\/v2\/comments?post=153"}],"version-history":[{"count":4,"href":"https:\/\/www.aktionsbuendnis-rahden.de\/index.php\/wp-json\/wp\/v2\/pages\/153\/revisions"}],"predecessor-version":[{"id":236,"href":"https:\/\/www.aktionsbuendnis-rahden.de\/index.php\/wp-json\/wp\/v2\/pages\/153\/revisions\/236"}],"wp:attachment":[{"href":"https:\/\/www.aktionsbuendnis-rahden.de\/index.php\/wp-json\/wp\/v2\/media?parent=153"}],"curies":[{"name":"wp","href":"https:\/\/api.w.org\/{rel}","templated":true}]}}